 -18) + -6 + -8 + -2 + 1
-78
Evaluate -66 - (-81 + 77 - -31).
-93
Evaluate 17 + -11 + (-2 - -17 - 10) + (-44 - 0).
-33
Evaluate -1707 - -1800 - (34 + -5).
64
What is the value of (43 - (9 + -10 + 8)) + (-30 - -43)?
49
Calculate 23 - 61 - (-12 - 27) - (118 - 1).
-116
What is the value of (-6 + 8 - 57) + -6 + (5 - -4) + -9?
-61
Calculate 76 + -130 + (-4 + 1 - (-16 + 8)).
-49
What is the value of (-1137 - -1107) + -1 + 36 + 29?
34
Calculate 57 + -57 + -12 + 122 - 40.
70
Evaluate (-1 - 8) + (-10 + -2 - -4 - 54).
-71
Evaluate -4570 + 4497 - (2 + -53).
-22
-600 + 599 - (-11 + (3 + 3 + -4 - 1))
9
What is 8 - 1 - (-23 - -30 - -46)?
-46
What is the value of (-24 - (4 + -50)) + -59 + 24?
-13
What is the value of 6239 - 6393 - (-49 - -1)?
-106
What is the value of -340 + 349 - (54 - 0 - 2) - 0?
-43
What is the value of -9804 + 9878 - (0 - -105)?
-31
Calculate 11 + (-38 - -45) + -24.
-6
128 + -9 + -157 + 138
100
-6 + 1 + (1 - 9) + 57 + -38 + 20
26
What is 4 + -2 + 17 + -25 - 26?
-32
24 - -11 - 130 - (-14 + -11)
-70
Calculate -50 - (-12 - (46 + -35 + 10)).
-17
What is 9 + (-44 - -74) + (-10 - -2) + (-10 - -1)?
22
-2 - (-36 - -74) - -17
-23
Calculate 59 + -10 + -29 + -57.
-37
Evaluate (-13 + 5 - 96 - (-16 + 10)) + 9 - -12.
-77
What is (134 - 0) + 6053 + -6119?
68
Calculate 75 - ((-22 - -9) + 120).
-32
What is the value of -42 + (-24 - ((30 - 15) + -18))?
-63
What is the value of -18 + -19 + (-57 - -106)?
12
What is 17 - -41 - (-3 + 2 + -5 + 3 + 0)?
61
Calculate (25 - (-32 - (34 + -14))) + (-16 - 0).
61
What is the value of (0 + -12 - (-20 + 24 + -20)) + 13?
17
Calculate -4 + -6 - ((-89 - -23) + (-1 - (2 + -3))).
56
Calculate 6 + -132 + 144 + (-114 - (-3 - 2)).
-91
What is the value of 8 - (7 + 1 + (0 - 20) + (1 - -87))?
-68
-2 - (69 + (-44 - -12))
-39
Evaluate -41 + 46 + 0 + 1 + -40 + 34 + -34.
-34
What is the value of -19 - ((-83 - -47) + 0)?
17
Calculate 123 + -44 + -7 + -39 + 18.
51
What is 0 + 26 - (46 + (167 - 251))?
64
Calculate 5 + (15 + 11 + -31 - (5 + 6)).
-11
Calculate 2 - (-2 + -11 + 24 + (-2 - 24)).
17
What is (-29 - -38) + -29 + -17?
-37
-1 + 11 - (-198 + 222)
-14
What is -16 + 2 + (-331 - -377) - -21?
53
Calculate (8 - (32 - 16) - (-2 + 3)) + 6 + -118.
-121
Evaluate 90 - (-32 + 245 + -70).
-53
Evaluate (9 - 19) + (17 - (23 - 10)) + -30.
-36
What is 15 + 23 - (5 + 8)?
25
What is (25 - 79) + 33 + 74 + -30?
23
What is -16 + 2 + (-6 - (28 - 62)) + (-3 - 116)?
-105
Evaluate -1 + 5 + 43 + -59 + 90 + 10 + -4.
84
Evaluate 44 + (-14 + 17 - 1) - 3.
43
Evaluate 1 + 30 - (668 - 620).
-17
What is (18 - -78) + (-266 - -277) + (-1 - (-3 - -5))?
104
Calculate -203 + (-21 - -5 - -89).
-130
What is the value of (-23 - 31 - -103) + -6?
43
What is -1 + 2 - (-7 - -4) - (17 - (-21 - -52))?
18
-4 + -32 + 26 + (11 - -1) - (1 + -12)
13
Calculate (-22 - 5) + (-30 - -58) + (75 - 2).
74
What is the value of -23 + 55 + (29 - (21 + -14))?
54
(-5 - (0 + -1)) + -26 + -640 + 620
-50
Evaluate (1 - -37) + (373 - (162 + 154)).
95
What is -50 + 0 + (-21 - (17 - -3 - 46))?
-45
Calculate -51 - -2 - -88 - (-5 - (-3 - -1)).
42
What is (-90 - -10) + 56 - 15?
-39
What is 0 - (7 - (9 - -5)) - (-39 - 3)?
49
What is the value of (-202 + 197 - ((-2 - 1) + 25)) + (-9 - 0)?
-36
19 + 12 + -68 - (-108 - -2)
69
Evaluate 61 + -2 - (112 + 55 + -183).
75
Calculate (6 - ((2 - -58) + 22 + -33)) + 8.
-35
What is 0 + 63 + (-20 - -87) + -89?
41
What is the value of 25 + (-34 + 56 - 53)?
-6
Calculate 5 + 22 - 9 - (11 - 12).
19
-25 + -89 + 108 + 79
73
What is the value of (-96 - (-5 - (0 - 2))) + (-5 - -17)?
-81
-16 + ((-22 - 4) + 15 - -15) - (-45 + -1)
34
Evaluate -50 + 55 - ((1 - 2) + -1 + 4).
3
What is the value of 6 + (18 + -12 - 19) + 86?
79
(2 - 56) + ((-16 - -18) + -8 - 7)
-67
What is 10 - (-20 + 58) - -85 - 37?
20
What is the value of (-162 + 4 - (47 - 46)) + 20 + 11?
-128
What is the value of 4 - -34 - ((-7 - 19) + 36 + -20)?
48
What is the value of -21 - (-79 - 6) - 28 - 18?
18
What is -1 - (22 + (-6 + -9 - -2)) - (-1 - 9)?
0
Calculate (-159 - -320) + -134 + (-1 - -1).
27
What is 1263 + -1252 + (-19 - (1 + 0 + -1)) - -9?
1
Evaluate 11 + 2 + -9 + 12 + 8 + -18 + 2.
8
(14 - 13 - 16) + 13 - -5
3
What is the value of (206 - (-47 - -127)) + -73?
53
What is -84 - ((30 + -14 + -13 - 11) + -3)?
-73
Calculate 24 - 90 - -18 - (22 - 24 - 2).
-44
-40 + ((3 + 20 - 14) + -11 - -14)
-28
What is the value of (-10 - -11) + -1 + (1 - 0) - (377 - 410)?
34
-13 + (5 - (-2 + -6 + (28 - 21))) - -87
80
Evaluate 121 + (7 + -14 - 7) - (4 + -11 - -18).
96
What is 8 - -5 - (-252 + 205)?
60
Calculate -38 - -13 - (-1 - -1 - 12).
-13
Evaluate -36 + -13 + (3 + -10 - -16) + 8 + 7.
-25
(-33 - -60) + -51 + 17 - -120
113
What is the value of (4 - (3 - -1)) + 46 + 39 + -84 + -37?
-36
Evaluate (12673 - 12720) + -70 + 1.
-116
What is the value of (-17 - (-88 + 87)) + (57 - 0 - 2)?
39
Calculate -116 + 2 - (684 + -729).
-69
What is the value of 46 + -3 + (847 - 878)?
12
Evaluate -16 + 1 + -29 + 7.
-37
4 + (191 - (107 + -12))
100
What is -4 + (-26 + -7 - -14 - -9 - -4 - 4)?
-14
What is the value of -32 - (-140 - (15 - 40)) - -10?
93
Evaluate -27 - (573 - 544 - (78 - 1)).
21
Evaluate -1 + -3 + -86 + (-5 - (-19 - -1)) + -23.
-100
Calculate (18 + 18 - 9) + 9.
36
Calculate (66 - (-23 + 11)) + -12.
66
Calculate (2 - (3 + -1)) + (29 + (15 - 46) - 20).
-22
What is (-24 - -8) + (-46 - -46) + -22?
-38
-19 - (-49 + 15 + 67)
-52
15 + (1524 - 1502 - (38 - -2))
-3
(-35 - (-2 - 13)) + 6 - -3
-11
Evaluate (91 - 5) + -100 - (-1 - 65).
52
Calculate -63 - -30 - -20 - (1 + -1).
-13
What is the value of (9 - -6) + 1 + -42 + 68?
42
11 + -92 + 36 + 39
-6
Evaluate -11 + -30 + (35 - -26) + -24.
-4
What is (-85 - -25) + 10 - (11 + 6 + 2 + -6)?
-63
Evaluate -16 - (-21 - (73 - 99) - (1 - 38)).
-58
What is -3 + -2 - (14 - 29) - 16?
-6
What is the value of 163 + -151 - (7 + 76 + 1 - 4)?
-68
Evaluate -65 + 191 - 155 - (0 + -36).
7
Evaluate 664 + -646 + (3 - 0).
21
(72 - (110 + -1)) + 38
1
Calculate 55 + -21 + -19 - (32 + -5) - -91.
79
What is the value of -1237 + 1444 + (-138 - -1)?
70
Calculate (85 - 81) + 75 - -28.
107
Evaluate 5224 + -5311 + (111 - -3).
27
Evaluate -20 - -51 - 27 - (106 - -20).
-122
Evaluate -70 + 40 + -30 + 52.
-8
What is the value of (-4167 - -4142) + (34 - (6 - 3))?
6
Evaluate (-8 - -49 - 168) + 77.
-50
What is 10 + 1 + (28 - 31) - (3 + -31)?
36
Calculate -16 + (-25 - -14) + 68 + -6.
35
What is (-9 - -4) + -3 + 11 - -5?
8
What is -3989 + 4049 + -74 + 4?
-10
What is -129 - -26 - (-3 - (38 - 24))?
-86
Evaluate 71 - (-26 + -22) - 60.
59
59 - (3 + 18 + -27 + 4)
61
What is the value of -5 + 14 + -9 + 45?
45
Evaluate 13 + (21 + 6 - 20) + -47.
-27
What is the value of -10 + 8 + (2 - 7 - 0) + (26 - 31)?
-12
What is the value of (1 - (-1 - -7)) + -95 + (61 - (-14 + 48))?
-73
What is the value of (21 - ((-2 - -19) + -8)) + 31 + -1?
42
Calculate -2 - 10 - -4 - (-59 - -31 - (-1 - 18)).
1
-19 - (-44 - -36 - -22 - 27)
-6
(-30 - -7 - (-85 + 60)) + -26
-24
2 + -7 + (-31 - -79 - (13 + 25))
5
Evaluate ((0 + -1 - -4) + 6 - -1) + 479 + -434.
55
What is 1 + (18 - 18) - -42?
43
28 + -15 + -36 + 119 - (25 + -1)
72
What is the value of ((16 - 24) + -3 + 14 - 6) + 62?
59
What is the value of 33 - (13 + -50 - -63)?
7
(-8 - (4 + -1)) + (7 - 30 - -18)
-16
-9 - 1 - (-106 - -64 - 46)
78
Calculate (-4 - 2 - 23 - -13) + -20.
-36
Evaluate -31 + (116 - (-26 + 48)).
63
(-1 + 0 - (-58 - -78 - 19)) + -11
-13
Calculate 12 - (-6 - (24 - (2 - -6))).
34
Evaluate -7 - (-13 - (15 - (-9 + -10))).
40
(-1 - -2) + 1 - (23 + -37 + (-34 - -5))
45
What is the value of (8 - 3 - -4) + -3 - 7 - (5 - -2)?
-8
What is the value of 5 + (-24 - -2) + 56 - (1 - 2)?
40
What is the value of (38 - -11) + 21 + -58?
12
Calculate -3 - -1 - (32 + -3 + -35 + -9).
13
-24 - -16 - -43 - (6 + 1 + (-1 - 3))
32
Evaluate (8 - -35 - -12) + (9 - (-10 - -3)).
71
(28 - (11 - (-1 - 11))) + 36
41
Calculate -34 + (-54 - -71 - (4 - -3)).
-24
Calculate 31 + -39 - (2 - 2 - 6) - 42.
-44
Calculate (-13 - 0 - (-330 - -310)) + -18.
-11
Calculate (1 - 10 - (-15 - -36)) + -2 + 1 - 4.
-35
Calculate (-14 - -38) + -25 - (-13 - 18).
30
Evaluate 11 + -3 + 1 + -286 + 278 + -10.
-9
19 + -22 + -119 + (-10 - -10 - -2)
-120
What is (-59 - -68) + 2 + -15 + 1 + (4 - 5)?
-4
Calculate 1 + 47 + -3 - (-37 + (50 - 1)).
33
What is 4 + 1 - (-4 + 